actors of y.
2
Let l(u) = u**2 + 4*u. List the prime factors of l(3).
3, 7
Suppose 0 = -9*n - n + 90. List the prime factors of n.
3
Let k(g) be the first derivative of g**5/60 - g**4/12 + g**3 - 2. Let t(h) be the third derivative of k(h). What are the prime factors of t(2)?
2
Suppose 0 = -3*n - 2*w - 34, 0*n + 4*w + 58 = -5*n. Let j = 0 - 4. List the prime factors of n/j*(-2 - -4).
5
Suppose 4*s - 18 = -2*h, 2*h + 0 = s + 3. Suppose h*k - 11 = 2*k. What are the prime factors of k?
11
Suppose -t - 13 = o, -4*o - 3*t + 6*t - 45 = 0. Let n = -7 - o. Suppose -5*k - 2*g + 42 = -17, n*k = -3*g + 61. List the prime factors of k.
11
Let z be (10 - 3 - 1) + -2. Suppose -3*n - 1 = -i - 3, 5*n + 6 = 4*i. List the prime factors of (i - z) + 4 + 0.
2
Suppose -2*b + 3*v + 13 + 10 = 0, 5*b + v = 15. Suppose -75 = n + b*n. Let u = n + 23. What are the prime factors of u?
2
Let w(c) = -2*c - 5. Let z be w(-5). Suppose p = 4*f + 18, -z*p + 0*f + 18 = -2*f. Let x = p + 0. List the prime factors of x.
2
Suppose 2*x + 5 = -3*x. Let p(g) = g**2 + g + g**3 - g**3 - 3*g**3. What are the prime factors of p(x)?
3
Suppose 0 = 7*s - 106 - 6. List the prime factors of s.
2
Suppose -2*c - 5*d = -0*d + 25, c - 15 = 3*d. List the prime factors of c + (-3)/((-3)/2).
2
Let h be (-2 - -4)*(-3)/2. Let a(s) = 4*s + 3. Let r(g) = 4*g + 2. Let f(w) = 5*a(w) - 6*r(w). What are the prime factors of f(h)?
3, 5
Let o = 6 - 15. Let i = 14 + o. Suppose -49 - 6 = -i*v. What are the prime factors of v?
11
Let k(w) = -5*w + 1. Let q be k(1). List the prime factors of -6 - q - -5*1.
3
Suppose 4*a + 6 = -10, 2*y - 4*a = 68. What are the prime factors of y?
2, 13
Let f(o) = -5*o - 14. List the prime factors of f(-14).
2, 7
Suppose 2*s - 5*u = -21, -2*s - 5*u = -0*s - 29. Suppose -2 - 4 = -s*v. Suppose -44 = -v*p - p. What are the prime factors of p?
11
Let l(g) = g**2 + 2. Let y be l(-2). Suppose -d - 3*o + 30 = 0, -5*d + y*o - o = -110. List the prime factors of d.
2, 3
Suppose 0 = 6*m - 4*m - 5*c - 30, -5*c = 0. Suppose -5*g + 4*g + m = 0. List the prime factors of g.
3, 5
Let y = 0 + 1. Let f = 1 + y. Suppose 0 = 3*j - 32 + f. What are the prime factors of j?
2, 5
Let z = 10 + 21. What are the prime factors of z?
31
Let t(w) = 2*w**2 - 6*w - 2. What are the prime factors of t(6)?
2, 17
Suppose -3*m + 20 = m. Suppose 0 = -4*x - 4*l + 44, 0 = -3*x + x - m*l + 34. What are the prime factors of x?
7
Let t(f) = 36*f**3 - f**2 - f + 2. Let i be t(1). Suppose -i = -5*c - 4*h + 18, 0 = 4*h + 16. List the prime factors of c.
2, 7
Let j(c) = 3*c - 7. Let h be j(5). Let g = 19 - h. Let z = 22 - g. What are the prime factors of z?
11
Let g(w) = w**3 + 8*w**2 - 9*w. Let j be g(-9). Suppose p + 28 = 3*c - j*p, -c + 5*p = -14. List the prime factors of c.
3
Suppose -151 = -3*g - 34. What are the prime factors of g?
3, 13
Let j(k) = 16*k**2 - k + 3. List the prime factors of j(-2).
3, 23
Let y be (-5)/(1 - (0 - -2)). Let r(k) = k**2 - 4*k - 1. Let i be r(y). Suppose 5*c - 2*o - 31 = 0, -o + i = o. What are the prime factors of c?
7
Let b = -25 - -42. Suppose -5*n = -2*r - b, -2*r = -3*r + 3*n - 9. List the prime factors of ((-10)/r)/((-1)/(-3)).
5
Suppose -2*v + 91 = 1. What are the prime factors of v?
3, 5
Let q(i) = -i**2 - 7*i - 5. Let m(o) = -o. Let n(z) = 5*m(z) + q(z). What are the prime factors of n(-10)?
3, 5
Let u(n) = -n**2 + 15*n - 4. Let x be u(11). Suppose 2*j = -3*j + x. List the prime factors of j.
2
Suppose -5*k - 37 = -532. What are the prime factors of k?
3, 11
Suppose j - 5*l = 40 + 103, 0 = 4*j - 5*l - 632. List the prime factors of j.
163
Let x(r) = 8 + 0 - r + 25. List the prime factors of x(0).
3, 11
Let v(g) = -3*g + 4. Let f(u) = u**2 + 7*u - 3. Let z be f(-7). Let k be v(z). List the prime factors of k/4 + (-1)/4.
3
Let v(k) = -k**3 + k**2 + k - 20. Let r be v(0). Let n be (-11)/(-4) - 5/r. Suppose 11 = -n*c + 4*c. List the prime factors of c.
11
Let z(r) = 101*r + 3. What are the prime factors of z(1)?
2, 13
Suppose 5*i + 4*l - 45 = 0, 3*i - 5*l - 20 = -6*l. Suppose 0 = -4*v + i*v - 25. List the prime factors of v.
5
Let n = 29 + -29. Suppose n = d - 39 - 2. What are the prime factors of d?
41
Let z be -3 + (2 - -3) + -4. Let x(p) = p**3 - 2*p**2 - 3*p + 2. Let d be x(3). List the prime factors of z*(-5 + 2) + d.
2
Let o be ((-12)/10)/((-15)/1150). Suppose -4*a = -0*a - o. What are the prime factors of a?
23
Suppose -b - 6 = 2*b. What are the prime factors of (26/(-10) - b)*-25?
3, 5
Let l = 2 - -1. Suppose -5*w = -17 - l. List the prime factors of (-28)/w*1*-1.
7
Let w = -41 - -156. What are the prime factors of w?
5, 23
Let b(c) = -50*c + 5. Let n be b(2). Let d = -48 - n. What are the prime factors of d?
47
Suppose 5 = 2*r - 11. What are the prime factors of r?
2
List the prime factors of 212/7 - 18/63.
2, 3, 5
Let f(x) = -x**3 - 3*x**2 - x - 3. Let m = 8 + -12. Let c be f(m). Let d = -8 + c. List the prime factors of d.
3
Let q = 28 + -17. Let m(l) = -l + 1. Let n be m(0). Suppose q - n = r. What are the prime factors of r?
2, 5
Suppose a - 6 = -2*a. Let j(s) = -2*s**2 - 9*s - 3. Let v(u) = -2*u**2 - 8*u - 2. Let q(k) = 5*j(k) - 6*v(k). What are the prime factors of q(a)?
11
Let v(u) = -u**2 - 5*u + 3. Let d(q) = -4*q**2 + 4*q - q**3 - 3*q**2 + 8 + 2*q**2 + 4*q. Let s be d(-6). What are the prime factors of v(s)?
7
Let g be (90/35)/((-2)/98). List the prime factors of g/(-12) + 2/(-4).
2, 5
Let s(j) = j**2 - 8*j - 6. Let a be s(9). Suppose 0 = p - a - 0. What are the prime factors of p?
3
Suppose -5*v + 105 = 15. What are the prime factors of v?
2, 3
Suppose 0*o = o - 21. Let n = o - 6. What are the prime factors of n?
3, 5
Suppose 3*y - 3*o + 12 = 0, 2*y + 0*o + 3*o = 12. Suppose y = -4*z - 5*p + 69, 6*z - 11 = 5*z + 5*p. What are the prime factors of z?
2
Let c(h) = -h**2 - 9*h + 5. List the prime factors of c(-9).
5
Let q = -49 - -97. List the prime factors of q.
2, 3
Let v = 18 - -3. List the prime factors of v.
3, 7
Suppose -5*b + n - 2*n = -24, -2*b + 2*n = 0. Suppose -4*s = 0, -v + s = -b*s - 3. List the prime factors of v.
3
Suppose -a = -1 - 32. List the prime factors of a.
3, 11
Suppose -4*s + 3*s + 41 = 5*u, 6 = u - 2*s. Let d = 11 - u. Suppose -q - 10 = -p, -2*p - d*p - 2*q + 85 = 0. What are the prime factors of p?
3, 5
Let b = 28 - 21. Let c = 34 - b. List the prime factors of c.
3
Let p = -72 - -152. List the prime factors of p.
2, 5
Suppose f - 15 = 5*g + 2, -5*f + 131 = -2*g. Suppose 81 - f = 2*x. What are the prime factors of x?
3
What are the prime factors of 4/((-4)/(-205)) + (10 - 11)?
2, 3, 17
Let c(l) = -l**2 - 12*l - 11. Let b be c(-10). Let y(g) = -17*g**3 + 1. Let n be y(-1). Let r = n - b. What are the prime factors of r?
3
Let c be (4/(-6))/((-3)/1350). What are the prime factors of c/28 + 2/7?
11
Let v(z) = z**3 - 9*z**2 - z + 11. What are the prime factors of v(9)?
2
Let c be (-646)/(-12) - (-2)/12. Suppose 0 = 5*w + 3*v - 0*v - 159, -c = -2*w + 2*v. List the prime factors of w.
2, 3, 5
Suppose 0 = 6*w - 2*w - 952. List the prime factors of w.
2, 7, 17
Suppose -2*j = 2*j + 4. List the prime factors of 3/j - 46/(-2).
2, 5
Let t be 1/4 + 1253/28. Suppose 5*s - 110 = -t. What are the prime factors of s?
13
Let d = -5 + 8. Let l = d - 3. Suppose -p + 0 + 3 = l. List the prime factors of p.
3
Let z be (1 - 1)*(-4)/(-8). Suppose 10 = 2*h + h + 4*l, -l + 25 = 3*h. Suppose 5*v + h = z, 6*c - v - 38 = 2*c. List the prime factors of c.
3
Suppose -3*p = -22 - 2. Suppose l + c = 11, -c + p = -l + 27. What are the prime factors of l?
3, 5
Let s(l) = l**3 - l**2. Let j(k) = 3*k**3 - 10*k**2 - 10*k - 5. Let f(v) = -j(v) + 2*s(v). What are the prime factors of f(9)?
2, 7
Let s be ((-54)/(-12))/(3/4). Suppose -n - 2 = -2*n. Suppose 5*f - 22 = 3*o, n*o - 18 = -f + s*o. List the prime factors of f.
2
Let r = 131 + -92. Let a = -20 + r. What are the prime factors of a?
19
Suppose -6 = -2*d - 2. Let i(x) = d*x - x - 8 + 4*x + x**2. What are the prime factors of i(-7)?
2, 3
Let l(r) = 3*r - 6. Suppose 3*s = s - 10. Let n be l(s). List the prime factors of 98/n*(-3 - 0).
2, 7
Suppose 3*v = -4*s + 15, s - 4*v + 0*v = -1. Suppose 2*k + 2 = 0, 5*g - 2*k + 25 = 3*k. Let q = s - g. List the prime factors of q.
3
Let i = -3 + 2. Let c be ((i + 0)*0)/(-2). Suppose 5*m 